{"id":2822,"date":"2016-06-14T07:09:12","date_gmt":"2016-06-14T07:09:12","guid":{"rendered":"http:\/\/nixe-demo1.rtthemes.com\/?page_id=2822"},"modified":"2020-11-20T22:28:59","modified_gmt":"2020-11-20T21:28:59","slug":"vita","status":"publish","type":"page","link":"https:\/\/www.birgit-breidenbach.com\/start\/vita\/","title":{"rendered":"VITA"},"content":{"rendered":"<p>[vc_row rt_row_background_width=&#8220;fullwidth&#8220; rt_row_content_width=&#8220;fullwidth&#8220; rt_row_style=&#8220;default-style&#8220; rt_row_height=&#8220;&#8220; rt_row_borders=&#8220;&#8220; rt_row_shadows=&#8220;&#8220; rt_column_gaps=&#8220;&#8220; rt_row_paddings=&#8220;false&#8220; rt_bg_effect=&#8220;classic&#8220; rt_transparent_bg=&#8220;&#8220; rt_bg_image_repeat=&#8220;repeat&#8220; rt_bg_size=&#8220;cover&#8220; rt_bg_position=&#8220;right top&#8220; rt_bg_attachment=&#8220;scroll&#8220; rt_bg_video_format=&#8220;self-hosted&#8220;][vc_column rt_col_paddings=&#8220;false&#8220; rt_wrp_col_paddings=&#8220;false&#8220; rt_column_shadow=&#8220;&#8220; rt_border_top=&#8220;&#8220; rt_border_bottom=&#8220;&#8220; rt_border_left=&#8220;&#8220; rt_border_right=&#8220;&#8220; rt_border_top_mobile=&#8220;&#8220; rt_border_bottom_mobile=&#8220;&#8220; rt_border_left_mobile=&#8220;&#8220; rt_border_right_mobile=&#8220;&#8220; rt_bg_image_repeat=&#8220;repeat&#8220; rt_bg_size=&#8220;auto auto&#8220; rt_bg_position=&#8220;right top&#8220; rt_bg_attachment=&#8220;scroll&#8220; rt_bg_color=&#8220;&#8220; rt_bg_overlay_color=&#8220;&#8220;]<div id=\"content-slider-881354\" class=\"rt-carousel main-carousel carousel-holder clearfix\" data-item-width=\"1\" data-mobile-height=\"350\" data-nav=\"true\" data-dots=\"true\" data-parallax=\"true\" data-timeout=\"15000\" data-autoplay=\"true\">\n<div class=\"owl-carousel\">\n\n\t\t<div class=\"item has-bg-image  global-style\" style=\"min-height: 800px;\">\n\t\t\t\n\t\t\t<div class=\"slide-background\" style=\"background-image: url(https:\/\/www.birgit-breidenbach.com\/start\/wp-content\/uploads\/2020\/11\/Birgit_Breidenbach_2020_FotoManfred-Esser_345_pp_ret_lang.jpg);background-repeat: no-repeat;background-size: cover;background-position: center center;\"><\/div>\n\t\t<\/div><\/div>\n\n\t\t\t\t<div id=\"content-slider-881354-dots\" class=\"dots-holder\">\n\t\t\t\t<\/div>\n\t\t\t\n<\/div>\n[\/vc_column][\/vc_row][vc_row rt_row_background_width=&#8220;fullwidth&#8220; rt_row_content_width=&#8220;fullwidth&#8220; rt_row_style=&#8220;default-style&#8220; rt_row_height=&#8220;&#8220; rt_column_placement=&#8220;middle&#8220; rt_row_borders=&#8220;&#8220; rt_row_shadows=&#8220;&#8220; rt_column_gaps=&#8220;&#8220; rt_row_paddings=&#8220;true&#8220; rt_bg_effect=&#8220;classic&#8220; rt_transparent_bg=&#8220;&#8220; rt_bg_image_repeat=&#8220;repeat&#8220; rt_bg_size=&#8220;cover&#8220; rt_bg_position=&#8220;right top&#8220; rt_bg_attachment=&#8220;scroll&#8220; rt_bg_video_format=&#8220;self-hosted&#8220; rt_padding_bottom=&#8220;0&#8243; rt_padding_top=&#8220;0&#8243; rt_margin_bottom=&#8220;150&#8243;][vc_column width=&#8220;1\/6&#8243; rt_col_paddings=&#8220;true&#8220; rt_wrp_col_paddings=&#8220;false&#8220; rt_column_shadow=&#8220;&#8220; rt_border_top=&#8220;&#8220; rt_border_bottom=&#8220;&#8220; rt_border_left=&#8220;&#8220; rt_border_right=&#8220;&#8220; rt_border_top_mobile=&#8220;&#8220; rt_border_bottom_mobile=&#8220;&#8220; rt_border_left_mobile=&#8220;&#8220; rt_border_right_mobile=&#8220;&#8220; rt_bg_image_repeat=&#8220;repeat&#8220; rt_bg_size=&#8220;auto auto&#8220; rt_bg_position=&#8220;right top&#8220; rt_bg_attachment=&#8220;scroll&#8220; force_content_width=&#8220;yes&#8220; column_align=&#8220;right&#8220; rt_bg_color=&#8220;&#8220; rt_bg_overlay_color=&#8220;&#8220; rt_padding_left=&#8220;15%&#8220; rt_padding_right=&#8220;15%&#8220; rt_padding_top=&#8220;50px&#8220; rt_padding_bottom=&#8220;50px&#8220;][\/vc_column][vc_column width=&#8220;2\/3&#8243; rt_col_paddings=&#8220;true&#8220; rt_wrp_col_paddings=&#8220;false&#8220; rt_column_shadow=&#8220;&#8220; rt_border_top=&#8220;&#8220; rt_border_bottom=&#8220;&#8220; rt_border_left=&#8220;&#8220; rt_border_right=&#8220;&#8220; rt_border_top_mobile=&#8220;&#8220; rt_border_bottom_mobile=&#8220;&#8220; rt_border_left_mobile=&#8220;&#8220; rt_border_right_mobile=&#8220;&#8220; rt_bg_image_repeat=&#8220;repeat&#8220; rt_bg_size=&#8220;auto auto&#8220; rt_bg_position=&#8220;right top&#8220; rt_bg_attachment=&#8220;scroll&#8220;][vc_empty_space height=&#8220;40px&#8220;]<div class=\"rt_heading_wrapper style-3\">\n\t\t\t\t\t\t<h1 class=\"rt_heading  style-3\" >VITA<\/h1> \n\t\t\t\t\t<\/div>[vc_empty_space height=&#8220;40px&#8220;][vc_column_text]<em>\u201eGr\u00fc\u00dfen Sie die charmante Dame mit der faszinierenden Stimme\u201c<\/em>, schrieb die Japanerin Yagoi Wada nach der Begegnung mit Birgit Breidenbach auf dem \u201eInternationalen Musikfestival Weikersheim1997\u201c, wo sie nicht nur durch ihre imposante Erscheinung besonders bei den \u201ekleinen Japanern\u201c einen bleibenden Eindruck hinterlie\u00df \u2013 auch ein begeistertes deutschsprachiges Publikum und Zuh\u00f6rer anderer Nationen erkl\u00e4rten sich zu ihren regelrechten Fans \u2013 wo auch immer Birgit Breidenbach auftritt, erregt sie Aufsehen durch ihre ungew\u00f6hnlich tiefe KontraAlt-Stimme, durch ihre h\u00f6chst individuellen, einf\u00fchlsamen Interpretationen, getragen durch ihre charismatische Ausstrahlung.<\/p>\n<p>Ihr musikalischer Werdegang begann schon w\u00e4hrend der Schulzeit als Jungstudentin an der Hochschule f\u00fcr Musik in K\u00f6ln, anschlie\u00dfend Vollstudium (bei Prof. Peter Witsch), Studien in\u00a0 Karlsruhe (bei Prof. Aldo Baldin), \u201eK\u00fcnstlerische Reifepr\u00fcfung\u201c (bei Prof. Peter Ziethen) in Detmold schlossen sich an. Daneben besserte sie zur Finanzierung ihres Studiums ihre Kasse als Organistin in einem Beerdigungsinstitut auf und sang vorwiegend Oratorien und Geistliche sowie Opernkonzerte. Erg\u00e4nzende Studien bei den weltweit anerkannten Wagner-Interpreten Anna Reynolds und Jean Cox in Bayreuth; Zusammenarbeit mit den Dirigenten Helmut Rilling (Bach-Akademie Stuttgart) und Bernhard Lang (Staatstheater Kassel), Dozentin bei den Interpretationskursen K\u00f6ln, der Landesmusikakademie Heek, bei den Internationalen Meisterkursen in Weikerskeim; Lehrauftrag f\u00fcr das Hauptfach Gesang an der Musikhochschule M\u00fcnster und f\u00fcr das Hauptfach &#8222;Gesang, Klassik und Crossover&#8220; an der Kalaidos Musikhochschule an der Kalaidos University of Applied Sciences Switzerland.\u00a0Ausserdem wird sie als Jury-Mitglied bei verschiedenen Wettbewerben berufen.[\/vc_column_text][vc_column_text]K\u00fcnstlerische Zusammenarbeit mit Helmut Rilling (Bachakademie Stuttgart)\u00a0sowie Bernhard Lang (Staatstheater Kassel).[\/vc_column_text][vc_column_text]<\/p>\n<ul>\n<li>Opern- sowie geistliche Konzerte, klassische Liederabende in Frankreich, Belgien, Luxemburg, Italien, den Niederlanden, der T\u00fcrkei, Russland, S\u00fcdkorea und Indien<\/li>\n<li>Engagement am Staatstheater Kassel<\/li>\n<li>Rundfunkaufnahmen<\/li>\n<li>Mit ihren Crossover\u2013Soloprogrammen, (s. \u201eProgramme\u201c), ist sie oft zu Gast bei Events und Festivals, in gro\u00dfen und kleinen Theatern, im Nostalgischen Spiegelzelt, in Philharmonien und auf der MS Europa<\/li>\n<li>Rege Konzertt\u00e4tigkeit mit Betin G\u00fcne\u015f und dem Turkish Chamber Orchestra\u00a0zuletzt in Istanbul\/T\u00fcrkei: Urauff\u00fchrung \u201eKisa\u201c von Betin G\u00fcne\u015f<\/li>\n<li>weitere Urauff\u00fchrungen: \u201eGott ist Nichts und Alles\u201c, Zyklus von Georg B\u00f6nn<br \/>\n\u201eIch lie\u00df meinen Engel lange nicht los\u201c, Andreas Wiedemann<br \/>\n\u201eAlles ist an Gottes Segen\u201c und \u201eDas Mysterium der Liebe\u201c ,\u00a0Christoph B\u00f6ther-Schulze<br \/>\n\u201eDer Mensch ist ein Teil der Erde\u201c , Gerhard M\u00fcller-Hornbach<br \/>\n\u201ePrometheus\u201c (J.W. von Goethe) \u201eAls ich nachher von dir ging\u201c \u201e\u00dcber die Verf\u00fchrung von Engeln\u201c (B. Brecht), \u201eWacht auf\u201c (G\u00fcnter Eich),\u00a0\u201eGebet\u201c (E. Lasker-Sch\u00fcler), Filmmusik zu \u201emouse\u201c, Stefan Ziethen<\/li>\n<\/ul>\n<p>[\/vc_column_text][\/vc_column][vc_column width=&#8220;1\/6&#8243; rt_col_paddings=&#8220;true&#8220; rt_wrp_col_paddings=&#8220;false&#8220; rt_column_shadow=&#8220;&#8220; rt_border_top=&#8220;&#8220; rt_border_bottom=&#8220;&#8220; rt_border_left=&#8220;&#8220; rt_border_right=&#8220;&#8220; rt_border_top_mobile=&#8220;&#8220; rt_border_bottom_mobile=&#8220;&#8220; rt_border_left_mobile=&#8220;&#8220; rt_border_right_mobile=&#8220;&#8220; rt_bg_image_repeat=&#8220;repeat&#8220; rt_bg_size=&#8220;auto auto&#8220; rt_bg_position=&#8220;right top&#8220; rt_bg_attachment=&#8220;scroll&#8220;][\/vc_column][\/vc_row][vc_row rt_row_background_width=&#8220;fullwidth&#8220; rt_row_content_width=&#8220;default&#8220; rt_row_style=&#8220;default-style&#8220; rt_row_height=&#8220;&#8220; rt_row_borders=&#8220;&#8220; rt_row_shadows=&#8220;&#8220; rt_column_gaps=&#8220;&#8220; rt_row_paddings=&#8220;true&#8220; rt_bg_effect=&#8220;classic&#8220; rt_transparent_bg=&#8220;&#8220; rt_bg_image_repeat=&#8220;repeat&#8220; rt_bg_size=&#8220;cover&#8220; rt_bg_position=&#8220;right top&#8220; rt_bg_attachment=&#8220;scroll&#8220; rt_bg_video_format=&#8220;self-hosted&#8220;][vc_column rt_col_paddings=&#8220;true&#8220; rt_wrp_col_paddings=&#8220;false&#8220; rt_column_shadow=&#8220;&#8220; rt_border_top=&#8220;&#8220; rt_border_bottom=&#8220;&#8220; rt_border_left=&#8220;&#8220; rt_border_right=&#8220;&#8220; rt_border_top_mobile=&#8220;&#8220; rt_border_bottom_mobile=&#8220;&#8220; rt_border_left_mobile=&#8220;&#8220; rt_border_right_mobile=&#8220;&#8220; rt_bg_image_repeat=&#8220;repeat&#8220; rt_bg_size=&#8220;auto auto&#8220; rt_bg_position=&#8220;right top&#8220; rt_bg_attachment=&#8220;scroll&#8220;][vc_empty_space][\/vc_column][\/vc_row]<\/p>\n","protected":false},"excerpt":{"rendered":"<p>[vc_row rt_row_background_width=&#8220;fullwidth&#8220; rt_row_content_width=&#8220;fullwidth&#8220; rt_row_style=&#8220;default-style&#8220; rt_row_height=&#8220;&#8220; rt_row_borders=&#8220;&#8220; rt_row_shadows=&#8220;&#8220; rt_column_gaps=&#8220;&#8220; rt_row_paddings=&#8220;false&#8220; rt_bg_effect=&#8220;classic&#8220; rt_transparent_bg=&#8220;&#8220; rt_bg_image_repeat=&#8220;repeat&#8220; rt_bg_size=&#8220;cover&#8220; rt_bg_position=&#8220;right top&#8220; rt_bg_attachment=&#8220;scroll&#8220; rt_bg_video_format=&#8220;self-hosted&#8220;][vc_column rt_col_paddings=&#8220;false&#8220; rt_wrp_col_paddings=&#8220;false&#8220; rt_column_shadow=&#8220;&#8220; rt_border_top=&#8220;&#8220; rt_border_bottom=&#8220;&#8220; rt_border_left=&#8220;&#8220; rt_border_right=&#8220;&#8220; rt_border_top_mobile=&#8220;&#8220; rt_border_bottom_mobile=&#8220;&#8220; rt_border_left_mobile=&#8220;&#8220; rt_border_right_mobile=&#8220;&#8220; rt_bg_image_repeat=&#8220;repeat&#8220; rt_bg_size=&#8220;auto auto&#8220; rt_bg_position=&#8220;right top&#8220; rt_bg_attachment=&#8220;scroll&#8220; rt_bg_color=&#8220;&#8220; rt_bg_overlay_color=&#8220;&#8220;][\/vc_column][\/vc_row][vc_row rt_row_background_width=&#8220;fullwidth&#8220; rt_row_content_width=&#8220;fullwidth&#8220; rt_row_style=&#8220;default-style&#8220; rt_row_height=&#8220;&#8220; rt_column_placement=&#8220;middle&#8220; rt_row_borders=&#8220;&#8220; rt_row_shadows=&#8220;&#8220; rt_column_gaps=&#8220;&#8220; rt_row_paddings=&#8220;true&#8220; rt_bg_effect=&#8220;classic&#8220; rt_transparent_bg=&#8220;&#8220; rt_bg_image_repeat=&#8220;repeat&#8220; rt_bg_size=&#8220;cover&#8220; rt_bg_position=&#8220;right top&#8220; rt_bg_attachment=&#8220;scroll&#8220; rt_bg_video_format=&#8220;self-hosted&#8220; rt_padding_bottom=&#8220;0&#8243; rt_padding_top=&#8220;0&#8243; &#8230; <a class=\"more-link\" href=\"https:\/\/www.birgit-breidenbach.com\/start\/vita\/\">Continue reading<\/a><\/p>\n","protected":false},"author":1,"featured_media":0,"parent":0,"menu_order":0,"comment_status":"closed","ping_status":"closed","template":"","meta":[],"_links":{"self":[{"href":"https:\/\/www.birgit-breidenbach.com\/start\/wp-json\/wp\/v2\/pages\/2822"}],"collection":[{"href":"https:\/\/www.birgit-breidenbach.com\/start\/wp-json\/wp\/v2\/pages"}],"about":[{"href":"https:\/\/www.birgit-breidenbach.com\/start\/wp-json\/wp\/v2\/types\/page"}],"author":[{"embeddable":true,"href":"https:\/\/www.birgit-breidenbach.com\/start\/wp-json\/wp\/v2\/users\/1"}],"replies":[{"embeddable":true,"href":"https:\/\/www.birgit-breidenbach.com\/start\/wp-json\/wp\/v2\/comments?post=2822"}],"version-history":[{"count":10,"href":"https:\/\/www.birgit-breidenbach.com\/start\/wp-json\/wp\/v2\/pages\/2822\/revisions"}],"predecessor-version":[{"id":4261,"href":"https:\/\/www.birgit-breidenbach.com\/start\/wp-json\/wp\/v2\/pages\/2822\/revisions\/4261"}],"wp:attachment":[{"href":"https:\/\/www.birgit-breidenbach.com\/start\/wp-json\/wp\/v2\/media?parent=2822"}],"curies":[{"name":"wp","href":"https:\/\/api.w.org\/{rel}","templated":true}]}}